 of n(j). List the prime factors of d(2).
2, 5
Suppose d - 38 = -0*d. Suppose 14 = -4*x + d. What are the prime factors of x?
2, 3
Suppose -5*c - 18 = -3. What are the prime factors of (-42)/c*1/2?
7
Suppose -4*a + 28 = 4*t, 3*t - 4*a - 1 = -3*a. Suppose -3*d - 2*c = t, -d + 1 = c + 3. List the prime factors of d.
2
Let a be ((-6)/4)/3*14. Let y = 6 - a. List the prime factors of y.
13
Let n be 168/(-10) - 4/20. Let j(k) = 37*k**2 - k. Let s be j(-1). Let i = n + s. What are the prime factors of i?
3, 7
What are the prime factors of 1*-4*267/(-12)?
89
Suppose 0*f + 4*f - 148 = 0. Let m = f + -23. List the prime factors of m.
2, 7
Let f(k) = k + 6. What are the prime factors of f(8)?
2, 7
Suppose -7*g = -12*g + 285. What are the prime factors of g?
3, 19
Let z = 18 - 14. Suppose 96 = z*m - 68. What are the prime factors of m?
41
Suppose 9*j - 7*j - 470 = 0. Suppose -3*a = -2*l + 2*a - 142, 2*a - j = 3*l. List the prime factors of 2/(-9) + (-1476)/l.
2, 3
Let g(c) = 206*c - 1. What are the prime factors of g(1)?
5, 41
Let o be ((-2)/(-6))/(2/6). Let t = 4 - o. Let w = 1 + t. List the prime factors of w.
2
Suppose -10*g + 7*g + 93 = 0. What are the prime factors of g?
31
Suppose -17 + 5 = -3*j. Suppose -j*f - 5*p = -24, 2*f - 8 = -3*p + 4. Let w(c) = c**3 - 7*c**2 + 9*c - 8. What are the prime factors of w(f)?
2, 5
Suppose b = 5*j - 43, -5*j + 31 = -0*j + 3*b. Suppose 5*p - 16 - 7 = i, -2*p - 3*i = 1. List the prime factors of (p/j)/((-2)/(-8)).
2
Let w(y) = -y**3 - 5*y**2 - 5*y - 8. List the prime factors of w(-5).
17
Let z be -1 + 3 + -5 - -15. Let v be ((-39)/2)/(9/z). What are the prime factors of (-206)/(-13) + (-4)/v?
2
Let j = 155 - 66. Suppose -2*q = -j + 17. What are the prime factors of ((-1)/(-2))/(2/q)?
3
Let o be (9/2)/(3/(-4)). Let q be 6/((-4)/(16/o)). What are the prime factors of q/(-22) - 466/(-22)?
3, 7
Let f(r) = 2*r**3 - 17*r**2 + 12*r + 3. What are the prime factors of f(8)?
5, 7
Let w(o) = o**3 + 8*o**2 + o + 11. Let b be w(-8). Let u = b - -10. What are the prime factors of u?
13
Let x(s) = -s**3 + 7*s**2 - 6*s + 8. Let l(r) = -r - 2. Let k be 2 + 0 + -8 + -2. Let w be l(k). List the prime factors of x(w).
2
Let m(a) = 4*a**2 - a - 1. What are the prime factors of m(-3)?
2, 19
Let d = -15 + 4. Suppose -4*c + 2*c = -4*s, -3*c - s = 14. Let m = c - d. What are the prime factors of m?
7
Let c(j) = 2*j**2 - 2. Let i(t) = 10*t**2 - t. Let v be i(1). Suppose -2*o + 2*m = 2*o + 14, 2*o - 3*m = -v. What are the prime factors of c(o)?
2
What are the prime factors of 6/27 + (-244)/(-36)?
7
What are the prime factors of (-2)/(-2 + (-524)/(-264))?
2, 3, 11
Suppose 2*y = 4*y - 60. Suppose -5*u + 2*d = 0, d + 4 = 5*u - 1. Suppose -z + w + 3 = 0, 0*w + u*w - y = -4*z. What are the prime factors of z?
2, 3
Suppose -13 - 12 = -u. List the prime factors of u.
5
Let v be (0 + (4 - 2))*12. Suppose 0 = -f + 3, -3*t + 4*f - v = f. Let a = 14 + t. List the prime factors of a.
3
Let l(a) be the third derivative of 0 - 1/3*a**3 + 1/30*a**5 + 0*a + 0*a**4 - 2*a**2. List the prime factors of l(-2).
2, 3
Let u be (-2*(-2)/(-4))/1. Let w be (u - 1) + 14 + 2. List the prime factors of w*(0 - -3)/6.
7
Let w(i) = 6*i**3 - i**2. What are the prime factors of w(1)?
5
Suppose -107 = 4*m - 451. List the prime factors of m.
2, 43
Let h be -1 + -24 + 1 + 3. Let c = h - -51. Suppose 3*j + c = 78. What are the prime factors of j?
2
Suppose -5 = -4*h - h, c = h - 1. What are the prime factors of (1 - c)*3 - -8?
11
Let m be (-3)/((-9)/3) - 2. Let y be m/(-3*(-2)/30). Let x = y - -7. What are the prime factors of x?
2
Let b be (11*1 + 0)*1. Let r be 85/4 - 8/32. Let d = r - b. List the prime factors of d.
2, 5
Let v(k) = -k**2 - 8*k + 7. Let i be v(-5). Suppose 5*h = t - 5*t + 122, -h - 2*t = -i. What are the prime factors of h?
2, 13
Suppose -4*c - 162 + 449 = 3*j, -2*c + 161 = 5*j. List the prime factors of c.
2, 17
Let w be (-2)/(-10) + (-119)/(-5). Suppose 5*s = 96 + w. List the prime factors of 5*(s/10 + 0).
2, 3
Let t = 6 + -15. List the prime factors of (-101)/t + 2/(-9).
11
Let q = 146 + -76. What are the prime factors of q?
2, 5, 7
Suppose -2*v + 2*r + 24 = 0, 2*r - 64 = -5*v + 5*r. Let l = -10 + v. Suppose 2*s - 5*j - 61 = 0, 2*j + 44 = 3*s + l*j. What are the prime factors of s?
2, 3
Let u(q) = 4*q**2 - 6*q + 9. Suppose -2*r - 3*r = -20. List the prime factors of u(r).
7
Suppose 171 - 35 = 4*c. Suppose -5*g - 3*x + 94 = -c, -4*g = -4*x - 96. What are the prime factors of g?
5
Suppose 2*s - 18 = 5*z, 3*z + 2*z = 10. Suppose -4*r - s = -2*r. Let o(l) = l + 10. What are the prime factors of o(r)?
3
Let s be -1*4*1/(-2). Suppose -3*u + 4*g = -89, -g + 44 = s*u - 19. List the prime factors of u.
31
Suppose -k + 2*n - 7*n + 24 = 0, 0 = k + 2*n - 12. Suppose -3*g = i - k*g - 6, 24 = 3*i - 5*g. What are the prime factors of i?
3
Let v(k) = 14*k**2 + k + 2. What are the prime factors of v(2)?
2, 3, 5
Let f = -14 - -21. Let a(d) = -d**2 + 7*d + 5. What are the prime factors of a(f)?
5
Let q(k) = k**3 - 17*k**2 + 21. Let d be q(17). List the prime factors of (6 - 3 - 1) + d.
23
Let w = 127 - 67. Suppose -5*k + 25 + w = 0. What are the prime factors of k?
17
Let y = 2 - -2. Let k be (-38)/(-9) - y/18. Suppose 0 = 5*w + k - 44. What are the prime factors of w?
2
Let f(p) = 3*p**2 - 2*p**2 + 3*p**2 + 2*p. Let d(u) = -u - 2. Let k be d(0). List the prime factors of f(k).
2, 3
Suppose -7*u = -0 - 63. List the prime factors of u.
3
Let g(o) be the third derivative of o**5/60 - o**4/8 - 5*o**3/6 - 3*o**2. Let i(q) = -q**3 - 3*q**2 - q + 2. Let b be i(-3). What are the prime factors of g(b)?
5
Suppose -79*i + 75*i + 316 = 0. List the prime factors of i.
79
Suppose 5*o = 2*i - 0*o - 29, 33 = 4*i - 5*o. Let h be ((-2)/(-6))/(i/54). What are the prime factors of h - ((-4)/2 + 1)?
2, 5
Let u be 2/2*(4 + 0). Suppose 2*v - 26 = u*i, 4*v - i - 12 = -3*i. Suppose -5*h = -4*y + v, 4*h + 3*y = 2*h + 21. List the prime factors of h.
3
Let s(c) = 4*c**3 - 1 + 6*c + 3*c**2 - 3*c**3 + 4*c**2. Let z be s(-6). List the prime factors of 3 - (-2 + 1)/z.
2
Suppose 5*i - 2*k = 3*i + 6, 2*i - 11 = -3*k. Suppose l + 1 = -j + 5, i*l = 2*j - 8. What are the prime factors of j?
2
Let m be -3 + 12 - (-2 - -2). Let x = m - 6. Suppose x*l + 9 - 36 = 0. List the prime factors of l.
3
Let c = -9 - -13. Suppose j = c*j - 39. Suppose j = -v + 2*v. What are the prime factors of v?
13
Suppose -10 = -p - 4*p. Suppose 0 = 3*v - 3*z, p*v + z - 1 - 5 = 0. List the prime factors of v/(-4) + (-60)/(-8).
7
Suppose -743 = -8*w + 73. What are the prime factors of w?
2, 3, 17
Let w(k) = -k**3 + 5*k**2 - 8*k + 3. Let m be w(3). List the prime factors of 52/m*(8 - 11).
2, 13
Let i be 2 + -4 + 5 + 15. Let f = i + 16. What are the prime factors of f?
2, 17
Suppose 0*p + 4 = 2*p. Suppose t + 2*t = -5*r - 9, -p*r = 6. Suppose -t*z - 35 = -5*m, 5*z + 4 = m - 3. List the prime factors of m.
7
Let k be (-6 + 0)/(2/(-4)). Let w = k - 4. What are the prime factors of w?
2
Suppose -2*a - a = -69. What are the prime factors of a?
23
Let t = 13 + -9. Let g = t - 2. Suppose -d = g*d + 6, 0 = -2*w - 4*d + 16. List the prime factors of w.
2, 3
Suppose -5*o + 21 + 2 = 2*j, o - j = 6. Suppose 0 = o*r - 0*r - 25. Let m = r - -5. What are the prime factors of m?
2, 5
Let p be 0*((-12)/(-9) + -1). Suppose -2*y - 3*h = 2, -2*y + 4*h = 3*y - 18. Suppose y*w - 8 + 2 = p. What are the prime factors of w?
3
Suppose -m + 5*o = -4 - 12, -3*m = -2*o - 61. Suppose -k - 5*g + m = -g, 0 = -k - 2*g + 17. What are the prime factors of k?
13
Suppose 13*c + 650 = 1911. What are the prime factors of c?
97
Let g = -1 + 3. Suppose -d - 4*y = -10, g*y = -3*d + 7*d - 4. Suppose -b = d*b - 39. What are the prime factors of b?
13
Suppose 2 = -3*w - o, -2*w + 2*o = o + 8. Let j be 11 + (w - 0 - 0). Suppose 0 = 3*a - 0*a - j. What are the prime factors of a?
3
Let v(y) = -y**2 + 4*y + 2. Let k be v(4). Suppose -28 + 78 = k*d. What are the prime factors of d?
5
Suppose q + 2*j = -28, 0 = j + 1 - 2. List the prime factors of q/4*8/(-3).
2, 5
Suppose 2*n + 3*a = 34 + 20, -148 = -4*n + 4*a. Suppose n = -0*d + 3*d. Let t = -8 + d. List the prime factors of t.
3
Let i(b) = b**2 + 10*b - 19. Let d be i(-13). Let p = -17 + d. What are the prime factors of p?
3
Let